 = 15*t**2 - 3*t + 4. Let g be y(1). Suppose 0 = g*w - 11*w + 100. Let l(r) = -r**3 - 18*r**2 + 31*r + 5. What are the prime factors of l(w)?
5, 37
Let p be (3777/5)/((-5)/(-25)). Suppose 3*q - p = -4*g, -g + 1565 + 958 = 2*q. What are the prime factors of q?
3, 421
Let s(i) = -i**3 - 3*i**2 - 7*i + 1. Let t(u) = u**2 - 6*u + 6. Let m be t(4). List the prime factors of s(m).
11
Let b = 408 + -406. Let f(x) = 105*x**3 - 3*x**2. What are the prime factors of f(b)?
2, 3, 23
Let p = 111 + -109. Suppose 22 = p*x - 3*u - 239, -684 = -5*x - 3*u. List the prime factors of x.
3, 5
Suppose 17 = -8*a + 49. Suppose 4*c + 7 = 8*c + 5*l, 2*l + 42 = a*c. Suppose 4*u - c*u = -308. List the prime factors of u.
7, 11
Let n be (-2)/(-3)*546/28. Suppose -3*u = -n - 149. Let v = u + -36. List the prime factors of v.
2, 3
Let n = 15984 + -6678. List the prime factors of n.
2, 3, 11, 47
What are the prime factors of ((-4)/5)/(3 + 3446849/(-1148945))?
2, 17, 1931
Let j(t) = 426*t**2 - 64*t + 22. What are the prime factors of j(-6)?
2, 17, 463
Let a(p) = 94*p + 39. Let c be (((-90)/12)/(-3))/((-3)/(-6)). List the prime factors of a(c).
509
Let i(n) = -4*n - 20. Let v be i(-4). Let d be (-12 + 14)/(v/6) + -271. Let s = d - -406. What are the prime factors of s?
2, 3, 11
Let h(s) = s**3 - 7*s**2 - 48*s - 51. List the prime factors of h(17).
7, 17
Let w be 2 + -6 + 7 + -3. Suppose z - 5*p - 694 = w, 3*p - 1552 = -3*z + 512. List the prime factors of z.
13, 53
Suppose 8127 = 17*p - 16*p + 2*y, 5*p = 4*y + 40565. List the prime factors of p.
8117
What are the prime factors of ((-9)/(-5))/(3/7145) + 3?
2, 3, 5, 11, 13
Suppose -39*k + 37*k + 424 = 0. Let u = 327 - k. List the prime factors of u.
5, 23
Suppose -2*c + 52 = 5*p, 6*p + 2*c + 8 = 7*p. Suppose -p = -4*v + 2*h, 6*v - v + 3*h = -15. Suppose v = 4*u - 57 + 1. What are the prime factors of u?
2, 7
Suppose -4*c + 2*b = -16, -8*c + 2*b + 10 = -5*c. What are the prime factors of (c + -7)*1 + 976/2?
487
Let u(b) = 4*b**3 - 3*b - 4. Let a be u(-2). Let g be (110/a)/((-1)/9). Suppose -g*v + 189 = -30*v. List the prime factors of v.
3, 7
Let k = 847 + 4437. List the prime factors of k.
2, 1321
Suppose 10*v - 5*v - 25 = 0. Suppose -n + 0*n = -4*w - 20, -3*w - v*n - 15 = 0. What are the prime factors of ((-6)/w)/(21/1260)?
2, 3
Let d = 1008 - 1006. Suppose -1067 = d*i - 4829. List the prime factors of i.
3, 11, 19
Let b(o) = -29*o + 2*o - 192 + 4*o + o**2 - 4*o. What are the prime factors of b(36)?
2, 3, 11
Suppose 2*y - 171 = 3*z, -4*y = 5*z - 182 - 105. Suppose -y*p = -73*p - 1750. What are the prime factors of p?
2, 5, 7
Let g be -1*(-5)/(-1) + -4 + 36. Suppose -6681 - 15081 = -g*x. List the prime factors of x.
2, 13, 31
Suppose 0 = -174*h + 179*h - 20. What are the prime factors of -70 - -74 - h*-167?
2, 3, 7
Let t = 9300 + -703. What are the prime factors of t?
8597
Let t(l) = -39*l - 2. Let i(v) = v**3 + 18*v**2 - 19*v + 7. Let z be i(-19). Let k(s) = -s + 6. Let c be k(z). What are the prime factors of t(c)?
37
Let d(y) = 3*y + 50. Let n be d(20). Suppose 3*p - n = -71. Suppose -p*q + 11 + 93 = 0. What are the prime factors of q?
2
Let o = -7 - -7. Let n(m) = 28 + o*m**2 - 31*m + 8 - m**2 + 20*m. What are the prime factors of n(-11)?
2, 3
Suppose -3*y + 4*n + 24 = 0, -y + 2 + 8 = -2*n. Suppose -61 = -u - y*f, f = u - 0*u - 41. Suppose m = 6 + u. List the prime factors of m.
3, 17
What are the prime factors of -19*(29766/(-154) + 2/7)?
19, 193
Suppose 5*f - 80 = -4*j, -16*f + 11*f + 65 = j. List the prime factors of ((-1098)/(-24))/(f/112).
7, 61
Suppose 37*x - 34*x - 3204 = 0. Suppose 4*t - x = 516. What are the prime factors of t?
2, 3, 11
Suppose 5*q + 291 = -124. Let m = 43 + q. What are the prime factors of 46/11 - m/(-220)?
2
Suppose w = -2*u - 0*w + 1090, 0 = -3*u - 3*w + 1641. Suppose 3*q + 2*y - 1116 = q, q - u = 2*y. List the prime factors of q.
7, 79
Suppose 0 = -94*q + 97450 + 485256. List the prime factors of q.
6199
Let p(w) = -537*w + 4670. List the prime factors of p(-105).
5, 12211
Let c(s) = 5*s - 5. Let f be c(1). Suppose f = 11*y - 7119 + 1190. List the prime factors of y.
7, 11
Suppose s - 90 = 383. Let j = s + -146. What are the prime factors of j?
3, 109
Let n be (2 + (0 - -9))/(2/(-40)). Let z = n - -386. List the prime factors of z.
2, 83
Suppose -40 = -27*q + 31*q. Let a(c) = -c**3 - 10*c**2. Let m be a(q). Suppose 4*d - 81 = s, -d = -m*d + 4*s - 16. List the prime factors of d.
2, 5
Let o be (20/(-14))/(4/(-56)). Let u be (-1 - 3/(-4)) + 85/o. Suppose 8*j - 231 = -3*f + 5*j, 2*f = -u*j + 144. What are the prime factors of f?
2, 41
Suppose 5*a - 3*x + 397 = -6*x, 0 = 2*a + 2*x + 162. Suppose -1842 = -9*r + 336. Let b = a + r. What are the prime factors of b?
3, 5, 11
Suppose -5*y + 65827 = 2*o, -5*o = -2 - 28. List the prime factors of y.
13163
Let u(b) = 5*b**2 - 75*b + 9. Let m be u(-20). Suppose 9*c = 397 + m. List the prime factors of c.
2, 7, 31
Suppose 21*s - 310562 = -5*g + 25*s, 0 = 2*g - 5*s - 124201. List the prime factors of g.
2, 3, 7, 17, 29
Let t be 2*(1 - 3) - -202. Let b(i) = 3*i + 4. Let r be b(1). Suppose n + t = r*n. List the prime factors of n.
3, 11
Let l = -32026 + 58645. What are the prime factors of l?
3, 19, 467
Suppose 0 = -5*q + 13939 + 9066. What are the prime factors of q?
43, 107
Let y(s) be the second derivative of -s**5/10 - s**4/12 + 4*s**2 - 22*s. Let r be y(2). What are the prime factors of 1*87 + (r - -11)?
2, 43
List the prime factors of (146/(-3))/((-95)/14820).
2, 13, 73
Let k(r) = -2247*r - 42. List the prime factors of k(-4).
2, 3, 7, 71
Suppose -29*j = -59520 - 1069276. What are the prime factors of j?
2, 37, 263
Let t(j) = -j**2 - 1. Let i(z) be the second derivative of -z**4/4 + z**3/2 - 6*z**2 + 3*z. Let n(w) = i(w) - 5*t(w). What are the prime factors of n(-7)?
2, 5, 7
Let p(g) = 52*g - 226. Let h be (53 + -1)/(11 + -9). What are the prime factors of p(h)?
2, 563
List the prime factors of (195/286)/(-15) - (-1902717)/66.
127, 227
Suppose 108 = 45*g - 39*g. List the prime factors of 3321/g - (-6)/(-4).
3, 61
Suppose -26 = 11*i - 81. Let k(j) = 10*j - 49*j**3 - 6 - 5*j + 50*j**3 - 4*j**2. What are the prime factors of k(i)?
2, 11
Let c = -38 + 33. Let q be 2/4*0/c. Let p(m) = m + 20. What are the prime factors of p(q)?
2, 5
Let j = -18546 + 18999. List the prime factors of j.
3, 151
Suppose 19*v = 10*v + 22*v. Suppose -4*y - 4*o + 2324 = v, -y + 1165 = y + 3*o. List the prime factors of y.
2, 17
Let t = 11509 - 6607. What are the prime factors of t?
2, 3, 19, 43
Suppose -3*c - d = -47522, 11533 + 35985 = 3*c + 2*d. List the prime factors of c.
2, 89
Let r be (-14)/21*(35/(-10) + -4). Suppose -2*h + 2974 = i, -r*h - 4*i = -9*h + 5972. What are the prime factors of h?
1489
Suppose 0 = 7*g - 52 + 38. Suppose 1988 = 3*l - g*c + c, -l = 3*c - 666. What are the prime factors of l?
3, 13, 17
Let h(g) = -g**3 - 19*g**2 + 27*g - 33. List the prime factors of h(-32).
5, 13, 191
Let o(c) = -2*c**3 + 6*c**2 - 2*c - 19. Let k(j) = j**2 - 8*j - 6. Let r be k(8). What are the prime factors of o(r)?
641
Let x = -3369 + 3363. Let y(k) be the first derivative of -17*k**2/2 - 22*k - 1. What are the prime factors of y(x)?
2, 5
Let z = 509 + 276. List the prime factors of z.
5, 157
Let f(u) = -u**2 + u. Suppose -s + 5 - 8 = p, 4*s - p = 8. Let h(m) = 3*m**2 - 24*m - 31. Let v(z) = s*h(z) + 4*f(z). What are the prime factors of v(-16)?
3, 11
Suppose -g - 23774 = -61*y + 56*y, 19017 = 4*y - 3*g. What are the prime factors of y?
3, 5, 317
Suppose -3*m = -2*i - 9, 5*m + 6 = -i + 21. Suppose -3*g + 2*g - 2*s = -123, -654 = -5*g + m*s. Suppose 3*l - g = 135. What are the prime factors of l?
2, 11
Let z(s) = -9*s**2 + 4*s - 1. Let h(c) = -c**3 + c**2 - c + 1. Let m(d) = -h(d) - z(d). Let u(b) = -10*b - 106. Let r be u(-11). List the prime factors of m(r).
2, 3, 5
Suppose -85*a + 304984 = -18*a. What are the prime factors of a?
2, 569
Let c be -1*(0 + -8 + 3). Suppose -2*t - 117 - 473 = -3*n, -c*n - 866 = 3*t. Let v = -132 - t. What are the prime factors of v?
2, 5
Let t(b) be the third derivative of -b**6/120 - b**5/15 - b**4/24 - 2*b**3 + 46*b**2. List the prime factors of t(-5).
2, 3
Suppose 0 = -3*w + l + 177014, 33478 = w + l - 25516. What are the prime factors of w?
2, 